{"id":436,"date":"2025-02-21T12:38:10","date_gmt":"2025-02-21T15:38:10","guid":{"rendered":"https:\/\/ipet1.neuquen.edu.ar\/?page_id=436"},"modified":"2025-03-26T21:31:20","modified_gmt":"2025-03-27T00:31:20","slug":"autoridades","status":"publish","type":"page","link":"https:\/\/ipet1.neuquen.edu.ar\/?page_id=436","title":{"rendered":"AUTORIDADES"},"content":{"rendered":"\t\t<div data-elementor-type=\"wp-page\" data-elementor-id=\"436\" class=\"elementor elementor-436\" data-elementor-post-type=\"page\">\n\t\t\t\t<div class=\"elementor-element elementor-element-057c496 e-flex e-con-boxed e-con e-parent\" data-id=\"057c496\" data-element_type=\"container\" data-e-type=\"container\">\n\t\t\t\t\t<div class=\"e-con-inner\">\n\t\t<div class=\"elementor-element elementor-element-b89c989 e-con-full e-flex e-con e-child\" data-id=\"b89c989\" data-element_type=\"container\" data-e-type=\"container\">\n\t\t\t\t<div class=\"elementor-element elementor-element-6de8682 elementor-nav-menu--dropdown-tablet elementor-nav-menu__text-align-aside elementor-nav-menu--toggle elementor-nav-menu--burger elementor-widget elementor-widget-nav-menu\" data-id=\"6de8682\" data-element_type=\"widget\" data-e-type=\"widget\" data-settings=\"{&quot;layout&quot;:&quot;horizontal&quot;,&quot;submenu_icon&quot;:{&quot;value&quot;:&quot;&lt;svg class=\\&quot;e-font-icon-svg e-fas-caret-down\\&quot; viewBox=\\&quot;0 0 320 512\\&quot; xmlns=\\&quot;http:\\\/\\\/www.w3.org\\\/2000\\\/svg\\&quot;&gt;&lt;path d=\\&quot;M31.3 192h257.3c17.8 0 26.7 21.5 14.1 34.1L174.1 354.8c-7.8 7.8-20.5 7.8-28.3 0L17.2 226.1C4.6 213.5 13.5 192 31.3 192z\\&quot;&gt;&lt;\\\/path&gt;&lt;\\\/svg&gt;&quot;,&quot;library&quot;:&quot;fa-solid&quot;},&quot;toggle&quot;:&quot;burger&quot;}\" data-widget_type=\"nav-menu.default\">\n\t\t\t\t<div class=\"elementor-widget-container\">\n\t\t\t\t\t\t\t\t<nav aria-label=\"Menu\" class=\"elementor-nav-menu--main elementor-nav-menu__container elementor-nav-menu--layout-horizontal e--pointer-underline e--animation-fade\">\n\t\t\t\t<ul id=\"menu-1-6de8682\" class=\"elementor-nav-menu\"><li class=\"menu-item menu-item-type-post_type menu-item-object-page menu-item-home menu-item-38\"><a href=\"https:\/\/ipet1.neuquen.edu.ar\/\" class=\"elementor-item menu-link\">INICIO<\/a><\/li>\n<li class=\"menu-item menu-item-type-post_type menu-item-object-page menu-item-has-children menu-item-36\"><a aria-expanded=\"false\" href=\"https:\/\/ipet1.neuquen.edu.ar\/?page_id=31\" class=\"elementor-item menu-link\">INSTITUCIONAL<span role=\"application\" class=\"dropdown-menu-toggle ast-header-navigation-arrow\" tabindex=\"0\" aria-expanded=\"false\" aria-label=\"Alternar men\u00fa\" ><\/span><\/a>\n<ul class=\"sub-menu elementor-nav-menu--dropdown\">\n\t<li class=\"menu-item menu-item-type-post_type menu-item-object-page menu-item-556\"><a href=\"https:\/\/ipet1.neuquen.edu.ar\/?page_id=436\" class=\"elementor-sub-item menu-link\">AUTORIDADES<\/a><\/li>\n\t<li class=\"menu-item menu-item-type-post_type menu-item-object-page menu-item-603\"><a href=\"https:\/\/ipet1.neuquen.edu.ar\/?page_id=482\" class=\"elementor-sub-item menu-link\">NORMATIVAS<\/a><\/li>\n<\/ul>\n<\/li>\n<li class=\"menu-item menu-item-type-post_type menu-item-object-page menu-item-90\"><a href=\"https:\/\/ipet1.neuquen.edu.ar\/?page_id=87\" class=\"elementor-item menu-link\">PROPUESTA ACAD\u00c9MICA<\/a><\/li>\n<li class=\"menu-item menu-item-type-custom menu-item-object-custom menu-item-102\"><a href=\"https:\/\/lazos.neuquen.edu.ar\/login\/index.php\" class=\"elementor-item menu-link\">LAZOS<\/a><\/li>\n<li class=\"menu-item menu-item-type-post_type menu-item-object-page menu-item-35\"><a href=\"https:\/\/ipet1.neuquen.edu.ar\/?page_id=33\" class=\"elementor-item menu-link\">CONTACTO<\/a><\/li>\n<\/ul>\t\t\t<\/nav>\n\t\t\t\t\t<div class=\"elementor-menu-toggle\" role=\"button\" tabindex=\"0\" aria-label=\"Menu Toggle\" aria-expanded=\"false\">\n\t\t\t<svg aria-hidden=\"true\" role=\"presentation\" class=\"elementor-menu-toggle__icon--open e-font-icon-svg e-eicon-menu-bar\" viewBox=\"0 0 1000 1000\" xmlns=\"http:\/\/www.w3.org\/2000\/svg\"><path d=\"M104 333H896C929 333 958 304 958 271S929 208 896 208H104C71 208 42 237 42 271S71 333 104 333ZM104 583H896C929 583 958 554 958 521S929 458 896 458H104C71 458 42 487 42 521S71 583 104 583ZM104 833H896C929 833 958 804 958 771S929 708 896 708H104C71 708 42 737 42 771S71 833 104 833Z\"><\/path><\/svg><svg aria-hidden=\"true\" role=\"presentation\" class=\"elementor-menu-toggle__icon--close e-font-icon-svg e-eicon-close\" viewBox=\"0 0 1000 1000\" xmlns=\"http:\/\/www.w3.org\/2000\/svg\"><path d=\"M742 167L500 408 258 167C246 154 233 150 217 150 196 150 179 158 167 167 154 179 150 196 150 212 150 229 154 242 171 254L408 500 167 742C138 771 138 800 167 829 196 858 225 858 254 829L496 587 738 829C750 842 767 846 783 846 800 846 817 842 829 829 842 817 846 804 846 783 846 767 842 750 829 737L588 500 833 258C863 229 863 200 833 171 804 137 775 137 742 167Z\"><\/path><\/svg>\t\t<\/div>\n\t\t\t\t\t<nav class=\"elementor-nav-menu--dropdown elementor-nav-menu__container\" aria-hidden=\"true\">\n\t\t\t\t<ul id=\"menu-2-6de8682\" class=\"elementor-nav-menu\"><li class=\"menu-item menu-item-type-post_type menu-item-object-page menu-item-home menu-item-38\"><a href=\"https:\/\/ipet1.neuquen.edu.ar\/\" class=\"elementor-item menu-link\" tabindex=\"-1\">INICIO<\/a><\/li>\n<li class=\"menu-item menu-item-type-post_type menu-item-object-page menu-item-has-children menu-item-36\"><a aria-expanded=\"false\" href=\"https:\/\/ipet1.neuquen.edu.ar\/?page_id=31\" class=\"elementor-item menu-link\" tabindex=\"-1\">INSTITUCIONAL<span role=\"application\" class=\"dropdown-menu-toggle ast-header-navigation-arrow\" tabindex=\"0\" aria-expanded=\"false\" aria-label=\"Alternar men\u00fa\" ><\/span><\/a>\n<ul class=\"sub-menu elementor-nav-menu--dropdown\">\n\t<li class=\"menu-item menu-item-type-post_type menu-item-object-page menu-item-556\"><a href=\"https:\/\/ipet1.neuquen.edu.ar\/?page_id=436\" class=\"elementor-sub-item menu-link\" tabindex=\"-1\">AUTORIDADES<\/a><\/li>\n\t<li class=\"menu-item menu-item-type-post_type menu-item-object-page menu-item-603\"><a href=\"https:\/\/ipet1.neuquen.edu.ar\/?page_id=482\" class=\"elementor-sub-item menu-link\" tabindex=\"-1\">NORMATIVAS<\/a><\/li>\n<\/ul>\n<\/li>\n<li class=\"menu-item menu-item-type-post_type menu-item-object-page menu-item-90\"><a href=\"https:\/\/ipet1.neuquen.edu.ar\/?page_id=87\" class=\"elementor-item menu-link\" tabindex=\"-1\">PROPUESTA ACAD\u00c9MICA<\/a><\/li>\n<li class=\"menu-item menu-item-type-custom menu-item-object-custom menu-item-102\"><a href=\"https:\/\/lazos.neuquen.edu.ar\/login\/index.php\" class=\"elementor-item menu-link\" tabindex=\"-1\">LAZOS<\/a><\/li>\n<li class=\"menu-item menu-item-type-post_type menu-item-object-page menu-item-35\"><a href=\"https:\/\/ipet1.neuquen.edu.ar\/?page_id=33\" class=\"elementor-item menu-link\" tabindex=\"-1\">CONTACTO<\/a><\/li>\n<\/ul>\t\t\t<\/nav>\n\t\t\t\t\t\t<\/div>\n\t\t\t\t<\/div>\n\t\t\t\t<\/div>\n\t\t\t\t\t<\/div>\n\t\t\t\t<\/div>\n\t\t<div class=\"elementor-element elementor-element-d6590a0 e-flex e-con-boxed e-con e-parent\" data-id=\"d6590a0\" data-element_type=\"container\" data-e-type=\"container\">\n\t\t\t\t\t<div class=\"e-con-inner\">\n\t\t\t\t\t<\/div>\n\t\t\t\t<\/div>\n\t\t<div class=\"elementor-element elementor-element-1f12941 e-flex e-con-boxed e-con e-parent\" data-id=\"1f12941\" data-element_type=\"container\" data-e-type=\"container\">\n\t\t\t\t\t<div class=\"e-con-inner\">\n\t\t<div class=\"elementor-element elementor-element-5e76f19 e-con-full e-flex e-con e-child\" data-id=\"5e76f19\" data-element_type=\"container\" data-e-type=\"container\">\n\t\t<div class=\"elementor-element elementor-element-37da39c e-con-full e-flex e-con e-child\" data-id=\"37da39c\" data-element_type=\"container\" data-e-type=\"container\" data-settings=\"{&quot;background_background&quot;:&quot;classic&quot;}\">\n\t\t\t\t<div class=\"elementor-element elementor-element-5967d46 elementor-widget elementor-widget-text-editor\" data-id=\"5967d46\" data-element_type=\"widget\" data-e-type=\"widget\" data-widget_type=\"text-editor.default\">\n\t\t\t\t<div class=\"elementor-widget-container\">\n\t\t\t\t\t\t\t\t\t<h2 style=\"text-align: center;\"><strong><span style=\"font-size: 48px; color: #ffffff;\">AUTORIDADES<\/span><\/strong><\/h2>\t\t\t\t\t\t\t\t<\/div>\n\t\t\t\t<\/div>\n\t\t\t\t<div class=\"elementor-element elementor-element-1f14dae elementor-widget__width-initial elementor-widget-divider--view-line elementor-widget elementor-widget-divider\" data-id=\"1f14dae\" data-element_type=\"widget\" data-e-type=\"widget\" data-widget_type=\"divider.default\">\n\t\t\t\t<div class=\"elementor-widget-container\">\n\t\t\t\t\t\t\t<div class=\"elementor-divider\">\n\t\t\t<span class=\"elementor-divider-separator\">\n\t\t\t\t\t\t<\/span>\n\t\t<\/div>\n\t\t\t\t\t\t<\/div>\n\t\t\t\t<\/div>\n\t\t\t\t<\/div>\n\t\t\t\t<\/div>\n\t\t\t\t\t<\/div>\n\t\t\t\t<\/div>\n\t\t<div class=\"elementor-element elementor-element-9dcdf5a e-flex e-con-boxed e-con e-parent\" data-id=\"9dcdf5a\" data-element_type=\"container\" data-e-type=\"container\">\n\t\t\t\t\t<div class=\"e-con-inner\">\n\t\t\t\t<div class=\"elementor-element elementor-element-1b1502e elementor-widget elementor-widget-spacer\" data-id=\"1b1502e\" data-element_type=\"widget\" data-e-type=\"widget\" data-widget_type=\"spacer.default\">\n\t\t\t\t<div class=\"elementor-widget-container\">\n\t\t\t\t\t\t\t<div class=\"elementor-spacer\">\n\t\t\t<div class=\"elementor-spacer-inner\"><\/div>\n\t\t<\/div>\n\t\t\t\t\t\t<\/div>\n\t\t\t\t<\/div>\n\t\t\t\t\t<\/div>\n\t\t\t\t<\/div>\n\t\t<div class=\"elementor-element elementor-element-a7d1425 e-flex e-con-boxed e-con e-parent\" data-id=\"a7d1425\" data-element_type=\"container\" data-e-type=\"container\">\n\t\t\t\t\t<div class=\"e-con-inner\">\n\t\t<div class=\"elementor-element elementor-element-e0c946f e-con-full e-flex e-con e-child\" data-id=\"e0c946f\" data-element_type=\"container\" data-e-type=\"container\">\n\t\t<div class=\"elementor-element elementor-element-81c73cb e-con-full e-flex e-con e-child\" data-id=\"81c73cb\" data-element_type=\"container\" data-e-type=\"container\">\n\t\t\t\t<div class=\"elementor-element elementor-element-1c11caf elementor-widget elementor-widget-text-editor\" data-id=\"1c11caf\" data-element_type=\"widget\" data-e-type=\"widget\" data-widget_type=\"text-editor.default\">\n\t\t\t\t<div class=\"elementor-widget-container\">\n\t\t\t\t\t\t\t\t\t<h2 style=\"text-align: center;\"><strong><span style=\"font-size: 38px; color: #000000;\">RECTORADO<\/span><\/strong><\/h2>\t\t\t\t\t\t\t\t<\/div>\n\t\t\t\t<\/div>\n\t\t\t\t<div class=\"elementor-element elementor-element-4aad9ba elementor-widget-divider--view-line elementor-widget elementor-widget-divider\" data-id=\"4aad9ba\" data-element_type=\"widget\" data-e-type=\"widget\" data-widget_type=\"divider.default\">\n\t\t\t\t<div class=\"elementor-widget-container\">\n\t\t\t\t\t\t\t<div class=\"elementor-divider\">\n\t\t\t<span class=\"elementor-divider-separator\">\n\t\t\t\t\t\t<\/span>\n\t\t<\/div>\n\t\t\t\t\t\t<\/div>\n\t\t\t\t<\/div>\n\t\t\t\t<div class=\"elementor-element elementor-element-64c2ec6 elementor-widget elementor-widget-text-editor\" data-id=\"64c2ec6\" data-element_type=\"widget\" data-e-type=\"widget\" data-widget_type=\"text-editor.default\">\n\t\t\t\t<div class=\"elementor-widget-container\">\n\t\t\t\t\t\t\t\t\t<p style=\"text-align: justify;\"><span style=\"font-size: 20px;\"><strong><span style=\"color: #000000; font-family: 'Times New Roman', Times, serif;\">RECTORA<\/span><\/strong><\/span><span style=\"font-family: 'Times New Roman', Times, serif;\"><br \/><\/span><span style=\"color: #000000; font-family: 'Times New Roman', Times, serif;\"><br \/><span style=\"font-size: 18px;\">Natalia Vivanco. Tec. Superior en Administraci\u00f3n de Empresas, Lic. en administraci\u00f3n y Profesora en Ciencias de la Administraci\u00f3n con \u201cActualizaci\u00f3n acad\u00e9mica en gesti\u00f3n de instituciones de Educaci\u00f3n T\u00e9cnico Profesional &#8211; Desarrollo de capacidades para la innovaci\u00f3n\u201d.<\/span><\/span><\/p>\t\t\t\t\t\t\t\t<\/div>\n\t\t\t\t<\/div>\n\t\t\t\t<div class=\"elementor-element elementor-element-b2b8713 elementor-widget-divider--view-line elementor-widget elementor-widget-divider\" data-id=\"b2b8713\" data-element_type=\"widget\" data-e-type=\"widget\" data-widget_type=\"divider.default\">\n\t\t\t\t<div class=\"elementor-widget-container\">\n\t\t\t\t\t\t\t<div class=\"elementor-divider\">\n\t\t\t<span class=\"elementor-divider-separator\">\n\t\t\t\t\t\t<\/span>\n\t\t<\/div>\n\t\t\t\t\t\t<\/div>\n\t\t\t\t<\/div>\n\t\t\t\t<div class=\"elementor-element elementor-element-a3a66ce elementor-widget elementor-widget-text-editor\" data-id=\"a3a66ce\" data-element_type=\"widget\" data-e-type=\"widget\" data-widget_type=\"text-editor.default\">\n\t\t\t\t<div class=\"elementor-widget-container\">\n\t\t\t\t\t\t\t\t\t<p style=\"margin: 0cm 0cm 8pt; font-size: 11pt; font-family: Calibri, sans-serif; text-align: justify;\"><span style=\"font-family: 'Times New Roman', Times, serif;\"><span style=\"font-size: 20px; color: rgb(0, 0, 0);\"><strong>VICERECTOR<\/strong><\/span><br><br><\/span><span style='color: black; font-family: \"Times New Roman\", Times, serif; font-size: 18px;'>Eduardo Choque Quiroga. Lic. en Psicopedagog&iacute;a, Lic. en Educaci&oacute;n Especial y Profesor en Psicolog&iacute;a con &ldquo;Actualizaci&oacute;n acad&eacute;mica en gesti&oacute;n de instituciones de Educaci&oacute;n T&eacute;cnico Profesional &#8211; Desarrollo de capacidades para la innovaci&oacute;n&rdquo;.<\/span><\/p>\t\t\t\t\t\t\t\t<\/div>\n\t\t\t\t<\/div>\n\t\t\t\t<div class=\"elementor-element elementor-element-66d40ee elementor-widget-divider--view-line elementor-widget elementor-widget-divider\" data-id=\"66d40ee\" data-element_type=\"widget\" data-e-type=\"widget\" data-widget_type=\"divider.default\">\n\t\t\t\t<div class=\"elementor-widget-container\">\n\t\t\t\t\t\t\t<div class=\"elementor-divider\">\n\t\t\t<span class=\"elementor-divider-separator\">\n\t\t\t\t\t\t<\/span>\n\t\t<\/div>\n\t\t\t\t\t\t<\/div>\n\t\t\t\t<\/div>\n\t\t\t\t<div class=\"elementor-element elementor-element-7462a96 elementor-widget elementor-widget-text-editor\" data-id=\"7462a96\" data-element_type=\"widget\" data-e-type=\"widget\" data-widget_type=\"text-editor.default\">\n\t\t\t\t<div class=\"elementor-widget-container\">\n\t\t\t\t\t\t\t\t\t<p style=\"margin: 0cm 0cm 8pt; font-size: 11pt; font-family: Calibri, sans-serif; text-align: justify;\"><span style=\"font-family: 'Times New Roman', Times, serif;\"><span style=\"font-size: 20px; color: rgb(0, 0, 0);\"><strong>SECRETARIO ACAD&Eacute;MICO<\/strong><\/span><br><\/span><\/p>\n<p style=\"margin: 0cm 0cm 8pt; font-family: Calibri, sans-serif; font-size: 11pt; background: white; text-align: justify;\"><span style='font-family: \"Times New Roman\"; color: rgb(0, 0, 0); font-size: 18px;'>Franco Barigelli. Contador P&uacute;blico Nacional y Profesor en Ciencias Econ&oacute;micas con formaci&oacute;n en Did&aacute;ctica General en el &aacute;mbito de las Instituciones de Formaci&oacute;n T&eacute;cnica, y en procesos de ense&ntilde;anza y aprendizaje en Nivel Superior.<\/span><\/p>\t\t\t\t\t\t\t\t<\/div>\n\t\t\t\t<\/div>\n\t\t\t\t<\/div>\n\t\t<div class=\"elementor-element elementor-element-b0503b4 e-con-full e-flex e-con e-child\" data-id=\"b0503b4\" data-element_type=\"container\" data-e-type=\"container\">\n\t\t\t\t<\/div>\n\t\t\t\t<\/div>\n\t\t\t\t\t<\/div>\n\t\t\t\t<\/div>\n\t\t<div class=\"elementor-element elementor-element-0d668f9 e-flex e-con-boxed e-con e-parent\" data-id=\"0d668f9\" data-element_type=\"container\" data-e-type=\"container\">\n\t\t\t\t\t<div class=\"e-con-inner\">\n\t\t\t\t<div class=\"elementor-element elementor-element-8d9d426 elementor-widget elementor-widget-spacer\" data-id=\"8d9d426\" data-element_type=\"widget\" data-e-type=\"widget\" data-widget_type=\"spacer.default\">\n\t\t\t\t<div class=\"elementor-widget-container\">\n\t\t\t\t\t\t\t<div class=\"elementor-spacer\">\n\t\t\t<div class=\"elementor-spacer-inner\"><\/div>\n\t\t<\/div>\n\t\t\t\t\t\t<\/div>\n\t\t\t\t<\/div>\n\t\t\t\t\t<\/div>\n\t\t\t\t<\/div>\n\t\t<div class=\"elementor-element elementor-element-5b9361a e-flex e-con-boxed e-con e-parent\" data-id=\"5b9361a\" data-element_type=\"container\" data-e-type=\"container\">\n\t\t\t\t\t<div class=\"e-con-inner\">\n\t\t\t\t<div class=\"elementor-element elementor-element-3af1e0f elementor-widget-divider--view-line elementor-widget elementor-widget-divider\" data-id=\"3af1e0f\" data-element_type=\"widget\" data-e-type=\"widget\" data-widget_type=\"divider.default\">\n\t\t\t\t<div class=\"elementor-widget-container\">\n\t\t\t\t\t\t\t<div class=\"elementor-divider\">\n\t\t\t<span class=\"elementor-divider-separator\">\n\t\t\t\t\t\t<\/span>\n\t\t<\/div>\n\t\t\t\t\t\t<\/div>\n\t\t\t\t<\/div>\n\t\t\t\t\t<\/div>\n\t\t\t\t<\/div>\n\t\t<div class=\"elementor-element elementor-element-e6dd08a e-flex e-con-boxed e-con e-parent\" data-id=\"e6dd08a\" data-element_type=\"container\" data-e-type=\"container\">\n\t\t\t\t\t<div class=\"e-con-inner\">\n\t\t\t\t<div class=\"elementor-element elementor-element-8f54284 elementor-widget elementor-widget-spacer\" data-id=\"8f54284\" data-element_type=\"widget\" data-e-type=\"widget\" data-widget_type=\"spacer.default\">\n\t\t\t\t<div class=\"elementor-widget-container\">\n\t\t\t\t\t\t\t<div class=\"elementor-spacer\">\n\t\t\t<div class=\"elementor-spacer-inner\"><\/div>\n\t\t<\/div>\n\t\t\t\t\t\t<\/div>\n\t\t\t\t<\/div>\n\t\t\t\t\t<\/div>\n\t\t\t\t<\/div>\n\t\t<div class=\"elementor-element elementor-element-0c9f991 e-flex e-con-boxed e-con e-parent\" data-id=\"0c9f991\" data-element_type=\"container\" data-e-type=\"container\">\n\t\t\t\t\t<div class=\"e-con-inner\">\n\t\t<div class=\"elementor-element elementor-element-f6e3564 e-con-full e-flex e-con e-child\" data-id=\"f6e3564\" data-element_type=\"container\" data-e-type=\"container\">\n\t\t<div class=\"elementor-element elementor-element-6ade928 e-con-full e-flex e-con e-child\" data-id=\"6ade928\" data-element_type=\"container\" data-e-type=\"container\">\n\t\t\t\t<div class=\"elementor-element elementor-element-9a725c0 elementor-widget elementor-widget-text-editor\" data-id=\"9a725c0\" data-element_type=\"widget\" data-e-type=\"widget\" data-widget_type=\"text-editor.default\">\n\t\t\t\t<div class=\"elementor-widget-container\">\n\t\t\t\t\t\t\t\t\t<h2 style=\"text-align: center;\"><strong><span style=\"font-size: 28px; color: #000000;\">Secretar\u00eda de Extensi\u00f3n e Investigaci\u00f3n<\/span><\/strong><\/h2>\t\t\t\t\t\t\t\t<\/div>\n\t\t\t\t<\/div>\n\t\t\t\t<div class=\"elementor-element elementor-element-3570af8 elementor-widget-divider--view-line elementor-widget elementor-widget-divider\" data-id=\"3570af8\" data-element_type=\"widget\" data-e-type=\"widget\" data-widget_type=\"divider.default\">\n\t\t\t\t<div class=\"elementor-widget-container\">\n\t\t\t\t\t\t\t<div class=\"elementor-divider\">\n\t\t\t<span class=\"elementor-divider-separator\">\n\t\t\t\t\t\t<\/span>\n\t\t<\/div>\n\t\t\t\t\t\t<\/div>\n\t\t\t\t<\/div>\n\t\t\t\t<div class=\"elementor-element elementor-element-ecfd3c8 elementor-widget elementor-widget-text-editor\" data-id=\"ecfd3c8\" data-element_type=\"widget\" data-e-type=\"widget\" data-widget_type=\"text-editor.default\">\n\t\t\t\t<div class=\"elementor-widget-container\">\n\t\t\t\t\t\t\t\t\t<p style=\"margin: 0cm 0cm 8pt; font-size: 11pt; font-family: Calibri, sans-serif; text-align: justify;\"><span style=\"font-size: 18px; font-family: 'Times New Roman', Times, serif; color: #000000;\"><strong>Prof. Ferreira Fernanda<\/strong><\/span><\/p>\n<p style=\"margin: 0cm 0cm 8pt; font-size: 11pt; font-family: Calibri, sans-serif; text-align: justify;\"><span style=\"font-size: 18px; font-family: 'Times New Roman', Times, serif; color: #000000;\"><a href=\"mailto:ipet1.extensioninvestigacion24@gmail.com\">ipet1.extensioninvestigacion24@gmail.com<\/a><\/span><\/p>\n<p style=\"margin: 0cm 0cm 8pt; font-size: 11pt; font-family: Calibri, sans-serif; text-align: justify;\"><span style=\"font-size: 18px; font-family: 'Times New Roman', serif; color: #000000;\">La Secretar&iacute;a de Bienestar Estudiantil es un espacio clave para acompa&ntilde;ar y fortalecer el recorrido acad&eacute;mico de nuestros estudiantes. Nuestro objetivo principal es promover su permanencia y desarrollo integral, brindando apoyo en distintas &aacute;reas para garantizar que cada estudiante pueda transitar su formaci&oacute;n en las mejores condiciones posibles.<\/span><\/p>\t\t\t\t\t\t\t\t<\/div>\n\t\t\t\t<\/div>\n\t\t\t\t<\/div>\n\t\t<div class=\"elementor-element elementor-element-267d25f e-con-full e-flex e-con e-child\" data-id=\"267d25f\" data-element_type=\"container\" data-e-type=\"container\">\n\t\t\t\t<div class=\"elementor-element elementor-element-fb03566 elementor-widget elementor-widget-text-editor\" data-id=\"fb03566\" data-element_type=\"widget\" data-e-type=\"widget\" data-widget_type=\"text-editor.default\">\n\t\t\t\t<div class=\"elementor-widget-container\">\n\t\t\t\t\t\t\t\t\t<h2 style=\"text-align: center;\"><strong><span style=\"font-size: 28px; color: #000000;\">Secretar\u00eda de Bienestar Estudiantil<\/span><\/strong><\/h2>\t\t\t\t\t\t\t\t<\/div>\n\t\t\t\t<\/div>\n\t\t\t\t<div class=\"elementor-element elementor-element-be8200c elementor-widget-divider--view-line elementor-widget elementor-widget-divider\" data-id=\"be8200c\" data-element_type=\"widget\" data-e-type=\"widget\" data-widget_type=\"divider.default\">\n\t\t\t\t<div class=\"elementor-widget-container\">\n\t\t\t\t\t\t\t<div class=\"elementor-divider\">\n\t\t\t<span class=\"elementor-divider-separator\">\n\t\t\t\t\t\t<\/span>\n\t\t<\/div>\n\t\t\t\t\t\t<\/div>\n\t\t\t\t<\/div>\n\t\t\t\t<div class=\"elementor-element elementor-element-d4a1d12 elementor-widget elementor-widget-text-editor\" data-id=\"d4a1d12\" data-element_type=\"widget\" data-e-type=\"widget\" data-widget_type=\"text-editor.default\">\n\t\t\t\t<div class=\"elementor-widget-container\">\n\t\t\t\t\t\t\t\t\t<p style=\"margin: 0cm 0cm 8pt; font-size: 11pt; font-family: Calibri, sans-serif; text-align: justify;\"><span style=\"font-size: 18px; font-family: 'Times New Roman', Times, serif; color: #000000;\"><strong>Prof. Mello Florencia<\/strong><\/span><\/p>\n<p style=\"margin: 0cm 0cm 8pt; font-size: 11pt; font-family: Calibri, sans-serif; text-align: justify;\"><span style=\"font-family: 'Times New Roman', Times, serif; font-size: 18px; color: #000000;\"><\/span><span style=\"font-size: 18px; font-family: 'Times New Roman', Times, serif; color: #000000;\"><a href=\"mailto:bienestarestudiantil.ipet1@gmail.com\">bienestarestudiantil.ipet1@gmail.com<\/a><\/span><\/p>\n<p style=\"margin: 0cm 0cm 8pt; font-size: 11pt; font-family: Calibri, sans-serif; text-align: justify;\"><span style=\"font-size: 18px; font-family: 'Times New Roman', serif; color: #000000;\">La Secretar&iacute;a de Bienestar Estudiantil es un espacio clave para acompa&ntilde;ar y fortalecer el recorrido acad&eacute;mico de nuestros estudiantes. Nuestro objetivo principal es promover su permanencia y desarrollo integral, brindando apoyo en distintas &aacute;reas para garantizar que cada estudiante pueda transitar su formaci&oacute;n en las mejores condiciones posibles.<\/span><\/p>\t\t\t\t\t\t\t\t<\/div>\n\t\t\t\t<\/div>\n\t\t\t\t<\/div>\n\t\t\t\t<\/div>\n\t\t\t\t\t<\/div>\n\t\t\t\t<\/div>\n\t\t\t\t<\/div>\n\t\t","protected":false},"excerpt":{"rendered":"<p>AUTORIDADES RECTORADO RECTORA Natalia Vivanco. Tec. Superior en Administraci\u00f3n de Empresas, Lic. en administraci\u00f3n y Profesora en Ciencias de la [&hellip;]<\/p>\n","protected":false},"author":1,"featured_media":0,"parent":0,"menu_order":0,"comment_status":"closed","ping_status":"closed","template":"","meta":{"site-sidebar-layout":"no-sidebar","site-content-layout":"","ast-site-content-layout":"full-width-container","site-content-style":"default","site-sidebar-style":"default","ast-global-header-display":"","ast-banner-title-visibility":"","ast-main-header-display":"","ast-hfb-above-header-display":"","ast-hfb-below-header-display":"","ast-hfb-mobile-header-display":"","site-post-title":"disabled","ast-breadcrumbs-content":"","ast-featured-img":"disabled","footer-sml-layout":"","theme-transparent-header-meta":"","adv-header-id-meta":"","stick-header-meta":"","header-above-stick-meta":"","header-main-stick-meta":"","header-below-stick-meta":"","astra-migrate-meta-layouts":"default","ast-page-background-enabled":"default","ast-page-background-meta":{"desktop":{"background-color":"var(--ast-global-color-4)","background-image":"","background-repeat":"repeat","background-position":"center center","background-size":"auto","background-attachment":"scroll","background-type":"","background-media":"","overlay-type":"","overlay-color":"","overlay-opacity":"","overlay-gradient":""},"tablet":{"background-color":"","background-image":"","background-repeat":"repeat","background-position":"center center","background-size":"auto","background-attachment":"scroll","background-type":"","background-media":"","overlay-type":"","overlay-color":"","overlay-opacity":"","overlay-gradient":""},"mobile":{"background-color":"","background-image":"","background-repeat":"repeat","background-position":"center center","background-size":"auto","background-attachment":"scroll","background-type":"","background-media":"","overlay-type":"","overlay-color":"","overlay-opacity":"","overlay-gradient":""}},"ast-content-background-meta":{"desktop":{"background-color":"var(--ast-global-color-5)","background-image":"","background-repeat":"repeat","background-position":"center center","background-size":"auto","background-attachment":"scroll","background-type":"","background-media":"","overlay-type":"","overlay-color":"","overlay-opacity":"","overlay-gradient":""},"tablet":{"background-color":"var(--ast-global-color-5)","background-image":"","background-repeat":"repeat","background-position":"center center","background-size":"auto","background-attachment":"scroll","background-type":"","background-media":"","overlay-type":"","overlay-color":"","overlay-opacity":"","overlay-gradient":""},"mobile":{"background-color":"var(--ast-global-color-5)","background-image":"","background-repeat":"repeat","background-position":"center center","background-size":"auto","background-attachment":"scroll","background-type":"","background-media":"","overlay-type":"","overlay-color":"","overlay-opacity":"","overlay-gradient":""}},"footnotes":""},"class_list":["post-436","page","type-page","status-publish","hentry"],"_links":{"self":[{"href":"https:\/\/ipet1.neuquen.edu.ar\/index.php?rest_route=\/wp\/v2\/pages\/436","targetHints":{"allow":["GET"]}}],"collection":[{"href":"https:\/\/ipet1.neuquen.edu.ar\/index.php?rest_route=\/wp\/v2\/pages"}],"about":[{"href":"https:\/\/ipet1.neuquen.edu.ar\/index.php?rest_route=\/wp\/v2\/types\/page"}],"author":[{"embeddable":true,"href":"https:\/\/ipet1.neuquen.edu.ar\/index.php?rest_route=\/wp\/v2\/users\/1"}],"replies":[{"embeddable":true,"href":"https:\/\/ipet1.neuquen.edu.ar\/index.php?rest_route=%2Fwp%2Fv2%2Fcomments&post=436"}],"version-history":[{"count":16,"href":"https:\/\/ipet1.neuquen.edu.ar\/index.php?rest_route=\/wp\/v2\/pages\/436\/revisions"}],"predecessor-version":[{"id":568,"href":"https:\/\/ipet1.neuquen.edu.ar\/index.php?rest_route=\/wp\/v2\/pages\/436\/revisions\/568"}],"wp:attachment":[{"href":"https:\/\/ipet1.neuquen.edu.ar\/index.php?rest_route=%2Fwp%2Fv2%2Fmedia&parent=436"}],"curies":[{"name":"wp","href":"https:\/\/api.w.org\/{rel}","templated":true}]}}